277, -4*k - 173 = -3*q. Is q composite?
True
Let y be 15/3 + 3 + -2. Let d be (y/(-10))/(3/(-15)). Suppose -2*w - 193 = -5*q, 0 = q + 4*q + d*w - 173. Is q a prime number?
True
Let s be ((-872)/6)/(5/(-45)). Suppose 5*r - u = 2*r + s, -r = u - 440. Is r a composite number?
True
Let v be (-1 - -147)*(-3)/(-3). Is (v/4)/(2/20) a composite number?
True
Let h = 2 - 1. Let b = -115 + h. Let t = 263 + b. Is t a prime number?
True
Suppose 5*j = -7 + 2, -5*n + 8 = 2*j. Suppose 0 = -4*b + n*b + 574. Is b composite?
True
Let z = 84 - -54. Suppose w = 3*w - z. Is w a composite number?
True
Let k(z) = z**3 - 7*z**2 + 8*z - 9. Let s be k(6). Suppose 4*n - s*d = 5*n - 296, 0 = 2*n - d - 571. Is n a composite number?
True
Let p(q) be the first derivative of 67*q**2/2 + 16*q - 2. Let u(z) = -45*z - 11. Let y(a) = -5*p(a) - 7*u(a). Is y(-2) a prime number?
True
Let z be (8/(-10))/((-20)/50). Suppose r - 3269 = -5*y, -3273 = y - 6*y - z*r. Is y a prime number?
True
Suppose 0 = 3*v - 179 - 181. Suppose 3*g = 2*w + 97, -2*g = 2*g + 2*w - v. Is g prime?
True
Let z = -34 + 237. Is z a prime number?
False
Let i(n) = n**2 + 15*n + 18. Let c be i(-14). Suppose 0 = -c*a + 127 + 141. Is a composite?
False
Let r(x) = -85*x + 2. Let d be (-16)/3*(-6)/4. Suppose 2 = 2*i + d. Is r(i) prime?
True
Suppose 3*f + 2*s - 10311 = 0, -2*s + 9848 + 3900 = 4*f. Is f a prime number?
False
Is 4/(-18) + (-8619)/(-27) composite?
True
Let o = 2 + -1. Is o/(2/46) - 2 composite?
True
Let s(j) = -2*j**3 - 5*j**2 + 2*j - 1. Let a be s(-5). Suppose 3*q = -3*w + a, -104 = -4*w - q + 39. Is w composite?
True
Suppose 18 = 4*t + 6, g - t = 466. Is g a composite number?
True
Suppose 2*k = 3 + 31. Suppose k = p + 3. Is p prime?
False
Let g(i) = 42*i + 7. Let s(n) = -84*n - 15. Let x(r) = -5*g(r) - 2*s(r). Let f be x(-5). Let d = -122 + f. Is d a prime number?
True
Suppose -2216 = -16*p + 15096. Is p composite?
True
Let v = -97 + 228. Is v a prime number?
True
Let p(l) = 13*l + 18. Is p(7) a composite number?
False
Let k = -166 + 329. Let c = k - 72. Is c a prime number?
False
Suppose -j + 1141 = 254. Is j composite?
False
Is (-4)/18 - (-695)/9 a prime number?
False
Let y(o) = 2*o**2 + 4*o - 18. Let l be y(-14). Suppose -6*h = -144 - l. Is h prime?
False
Let z(g) = -4*g**2 + 4*g + 92. Let u(c) = -7*c**2 + 7*c + 183. Let f(m) = 3*u(m) - 5*z(m). Is f(0) prime?
True
Let a = -2264 - -3205. Is a a composite number?
False
Let i(g) be the first derivative of 2*g**3/3 + g**2/2 - 3*g - 3. Is i(4) prime?
False
Let n = 845 + 1016. Is n composite?
False
Let n(u) = 14*u + 8. Suppose 0*m = -4*m + 36. Is n(m) prime?
False
Let g be (-20)/(-6)*(-54)/(-15). Is ((-978)/g)/(1/(-2)) composite?
False
Let r = 265 - 102. Is r a composite number?
False
Suppose -8*n - 499 = -9*n. Is n a prime number?
True
Let j be 7*-3*(-1)/7. Suppose 4*s - 149 = -j*c, 3*s + c - 4*c - 96 = 0. Is s prime?
False
Suppose -5*b - 4*r = -12, b - 4*b = -4*r + 12. Suppose -2*h - 6 + 24 = b. Is h prime?
False
Let w = 281 - 151. Suppose -f - 2*n - 35 = 0, -5*n - 20 = 4*f - 3*f. Let d = f + w. Is d a prime number?
False
Suppose -2*j - 132 = -2*f, 3*f = -0*f + 6. Let d = -29 - j. Is d a prime number?
False
Let f be ((-2)/3)/((-4)/6). Let y(c) = 81*c**3. Let k be y(f). Suppose -5*p + k - 31 = 0. Is p a prime number?
False
Suppose 1 = -5*g - 4. Let h be -2 - (-10)/(3 + g). Suppose -2*v + 75 = 3*i - 143, 6 = -h*v. Is i a prime number?
False
Let z(g) = -g. Let d be z(-4). Let i = d - 2. Let w(k) = 20*k**2 - 3*k + 3. Is w(i) a prime number?
False
Let w = -213 + 436. Is w composite?
False
Let w be 2*(-6)/4*-1. Let i(v) = -v**2 + 3*v + 4. Let b be i(w). Suppose -p + 3*c + 250 = b*p, -5 = -c. Is p prime?
True
Suppose 2*z + 4 = 3*b - 0, 0 = 4*b + z - 9. Let l = b - -1. Suppose -l*f + f = -42. Is f a prime number?
False
Let q(m) = m**3 + 23*m**2 + 10*m - 31. Is q(-22) a composite number?
False
Let a(s) = s**2 + 58. Suppose g = -3*g. Is a(g) a prime number?
False
Let a(t) = -2*t - 3. Let q be a(-4). Suppose 2*u - 251 = -4*y + 5*u, 5*y + 5*u = 340. Suppose 50 = k - q*c, 2*k - 4*c - y - 5 = 0. Is k a prime number?
False
Let p(t) = 24*t**2 + 16*t - 15. Is p(-13) a composite number?
False
Let w(t) = 16*t**2 - 2*t - 3. Let u be w(-2). Is u/3 + 8/24 prime?
False
Suppose -3569 = -4*k - 501. Is k prime?
False
Is 2*2/(12/1437) composite?
False
Let v = -8 - -12. Let f be (70/(-4))/((-2)/v). Suppose 5*b + f - 130 = 0. Is b a prime number?
True
Let x(s) = -10*s + 2423. Is x(0) composite?
False
Suppose 0 = -5*z - 5*a + 15, 4*z - 3*a - 19 = -0*z. Suppose -30 = -g - 4. Suppose 0 = 5*y - g - z. Is y prime?
False
Let y = 335 + -36. Is y prime?
False
Suppose 4*a = 5*a - 419. Is a a prime number?
True
Is (147/9)/((-1)/(-3)) a prime number?
False
Is (4364/(-16))/(-3 + (-33)/(-12)) a prime number?
True
Suppose 0 = -3*v + 4*v - 10. Is v*225/6 + -2 composite?
False
Let x = 3697 - 2482. Let b be (12/5)/(18/x). Suppose 0 = -5*a + d + 419, -2*a + 4*d + b + 20 = 0. Is a a composite number?
False
Is ((-20618)/(-6) - (-10)/(-30)) + -3 a prime number?
True
Let o(k) = -k**2 + k + 104. Let y be o(0). Suppose -5*g + 3*j + 351 = 102, 2*g + j - y = 0. Is g a prime number?
False
Let f be (2/4)/((-2)/32). Let j be (f + 7)/(1/2). Is 4/j*605/(-10) prime?
False
Suppose -20 = -4*i - 12. Is i prime?
True
Let c(k) = k - 1 - k - k + 2*k. Let v be c(3). Suppose -v*o - 3*o + 95 = 0. Is o a composite number?
False
Suppose 0 = 3*n - 2*t - 698 - 265, -653 = -2*n + 5*t. Is n a composite number?
True
Let a be ((-2)/6)/(1/(-12)). Suppose 0 = a*y - 7*y + 15. Suppose -y*s - 17 = -87. Is s prime?
False
Suppose 0*b - 2 = -2*b. Let r(m) be the first derivative of 5*m**4 - m**2 + m - 1. Is r(b) a composite number?
False
Suppose 5*c - 20 = -0*c + 2*f, 5*c = 4*f + 20. Suppose -4*k + 4*y = -4, 4*k + k - 7 = c*y. Is 110/k - 1/(-3) prime?
True
Let q be 104/18 - 2/(-9). Let a be -14*(0 - 75/q). Suppose 5*i = -0*i + a. Is i a composite number?
True
Let h = -7 - -1. Is (-4)/h - (-3964)/12 a composite number?
False
Suppose -56*p + 52*p + 9708 = 0. Is p a prime number?
False
Suppose -3*s + 5*q = -12, -q + 9 = -3*s - 3*q. Is (s/3)/(5/(-1410)) composite?
True
Suppose 4*w = a - 50, a - 6*a = 3*w + 49. Let i = 22 - w. Is i prime?
False
Let i be (-2)/(-5)*1*1015. Suppose 4*v + 48 + i = 5*o, -o - 2*v = -102. Suppose 55 + o = j. Is j a composite number?
False
Let x = -87 - -250. Is x a prime number?
True
Suppose -2*p + 7535 = 3*p. Is p composite?
True
Let r = 554 + -172. Is r a composite number?
True
Let y = 885 - 540. Suppose p = 4*p - y. Is p composite?
True
Let v(m) = -5*m - 2. Suppose -14 = 4*q + 6. Is v(q) a prime number?
True
Suppose -11*r + 249 = -8*r. Suppose -2*q + 3*q = r. Is q a composite number?
False
Let y = 18 + -16. Suppose -y*n = -172 - 182. Is n a composite number?
True
Suppose -d = -5, n - d - 416 = -6*d. Is n a composite number?
True
Suppose 3*o + o - 12 = -4*z, 5*o + z - 3 = 0. Suppose -3*h + h = o. Suppose h*u + n + 166 = 2*u, 249 = 3*u - 2*n. Is u a prime number?
True
Let x = 0 + 0. Suppose 4*u - 5 - 15 = x. Suppose u*i - 82 = -2*q, -2*q - 3*i + 66 = -2*i. Is q prime?
True
Let q(i) = -3*i**2 - 4*i + 10. Let x(f) = 7*f**2 + 8*f - 21. Let l(u) = 9*q(u) + 4*x(u). Let n be l(5). Suppose 0 = 4*a - n - 5. Is a a prime number?
False
Is 1378/(-2)*(-3 - (3 + -5)) prime?
False
Let z be 8/((-108)/56 + 2). Let v = 167 - z. Is v a prime number?
False
Let r = 5 + -5. Let b(v) be the third derivative of v**4/24 + 7*v**3/3 - v**2. Is b(r) composite?
True
Let i = 40 - 16. Let j = 39 - i. Is j prime?
False
Suppose m - q - 2*q - 53 = 0, 5*m + 3*q = 247. Suppose 4*g = 2*g + m. Is g a prime number?
False
Suppose 79 = 2*s - 103. Is s composite?
True
Let z = 2 + 0. Suppose -z*r + 3*d = -301, -2*d = -5*r + 606 + 119. Is r prime?
False
Suppose b = -2, 0*b = -2*y - b + 18. Let f be 4/y + (-56)/(-10). Is f/(((-6)/(-7))/3) a composite number?
True
Suppose 5*n - 3*y + 6*y = 22, 30 = 5*n - 5*y. Suppose w + w + 4 = 2*d, n*d - 8 = 4*w. Is (48 - w)*(-1)/(-2) prime?
False
Let f = -687 + 1000. Let z = 546 - f. Is z a composite number?
False
Let p(o) = -o + 8. Let w be (1 - (-4)/(-28))*-7. Is p(w) a prime number?
False
Let m(r) = -r**3 - 8*r**2 + 26*r + 9. Is m(-14) a prime number?
True
Let t(w) = 31*w**3 - w**2 - w + 1. Let p be t(1). Suppose -3*